he prime factors of 119761?
23, 41, 127
What are the prime factors of 20550212?
2, 17, 29, 613
List the prime factors of 24611545.
5, 7, 563, 1249
What are the prime factors of 8009774?
2, 4004887
List the prime factors of 1807474.
2, 17, 53161
List the prime factors of 266542.
2, 133271
List the prime factors of 34512486.
2, 3, 31, 185551
List the prime factors of 2629609.
433, 6073
What are the prime factors of 3803452?
2, 31, 37, 829
List the prime factors of 398802.
2, 3, 66467
What are the prime factors of 7944912?
2, 3, 53, 347
What are the prime factors of 22481895?
3, 5, 877, 1709
List the prime factors of 13596833.
1063, 12791
What are the prime factors of 1573088?
2, 11, 41, 109
What are the prime factors of 1189782?
2, 3, 11, 2003
What are the prime factors of 220978?
2, 313, 353
What are the prime factors of 8083242?
2, 3, 37, 53, 229
What are the prime factors of 9949999?
751, 13249
What are the prime factors of 324814?
2, 7, 23201
What are the prime factors of 62458?
2, 11, 17, 167
List the prime factors of 1799625.
3, 5, 4799
List the prime factors of 10331018.
2, 29, 59, 3019
What are the prime factors of 365461?
365461
What are the prime factors of 9491383?
11, 709, 1217
List the prime factors of 33246.
2, 3, 1847
What are the prime factors of 6619689?
3, 151, 4871
What are the prime factors of 5111426?
2, 53, 48221
What are the prime factors of 1759994?
2, 31, 28387
What are the prime factors of 165045?
3, 5, 11003
What are the prime factors of 662059?
662059
What are the prime factors of 9057834?
2, 3, 503213
List the prime factors of 6890923.
13, 223, 2377
List the prime factors of 226174.
2, 13, 8699
List the prime factors of 4474010.
2, 5, 447401
What are the prime factors of 128820?
2, 3, 5, 19, 113
What are the prime factors of 2310672?
2, 3, 7, 13, 23
What are the prime factors of 306924?
2, 3, 25577
List the prime factors of 199405.
5, 19, 2099
List the prime factors of 282969.
3, 23, 1367
List the prime factors of 1837991.
29, 61, 1039
List the prime factors of 4012255.
5, 13, 17, 3631
List the prime factors of 334438.
2, 13, 19, 677
List the prime factors of 3376192.
2, 71, 743
What are the prime factors of 971697?
3, 323899
List the prime factors of 31162768.
2, 7, 13, 17, 1259
What are the prime factors of 430357?
430357
What are the prime factors of 165427?
17, 37, 263
List the prime factors of 619475.
5, 71, 349
List the prime factors of 634028.
2, 158507
What are the prime factors of 3142166?
2, 67, 131, 179
List the prime factors of 78486.
2, 3, 103, 127
List the prime factors of 5337377.
5337377
What are the prime factors of 175190?
2, 5, 17519
List the prime factors of 20522.
2, 31, 331
What are the prime factors of 181706?
2, 7, 12979
List the prime factors of 11993161.
19, 109, 5791
List the prime factors of 80328.
2, 3, 3347
List the prime factors of 100614.
2, 3, 41, 409
List the prime factors of 7970343.
3, 1451, 1831
What are the prime factors of 476534?
2, 238267
List the prime factors of 2471980.
2, 5, 7, 17657
List the prime factors of 9474595.
5, 13, 71, 2053
List the prime factors of 2421213.
3, 807071
List the prime factors of 1115266.
2, 557633
List the prime factors of 708798.
2, 3, 17, 6949
List the prime factors of 4230988.
2, 23, 45989
What are the prime factors of 6059708?
2, 19, 71, 1123
What are the prime factors of 428303?
428303
List the prime factors of 520547.
520547
What are the prime factors of 668162?
2, 11, 251
What are the prime factors of 4552155?
3, 5, 101159
What are the prime factors of 3092553?
3, 47, 2437
What are the prime factors of 350077?
7, 13, 3847
What are the prime factors of 511617?
3, 170539
List the prime factors of 160302.
2, 3, 26717
What are the prime factors of 11236615?
5, 13, 172871
List the prime factors of 1019543.
7, 20807
List the prime factors of 21048934.
2, 10524467
What are the prime factors of 19114184?
2, 151, 15823
What are the prime factors of 10226512?
2, 639157
What are the prime factors of 8004860?
2, 5, 400243
List the prime factors of 4771806.
2, 3, 13, 131, 467
List the prime factors of 999346.
2, 499673
What are the prime factors of 441722?
2, 220861
What are the prime factors of 233695?
5, 7, 11, 607
List the prime factors of 2002645.
5, 41, 9769
List the prime factors of 2238661.
2238661
List the prime factors of 2207889.
3, 245321
List the prime factors of 6165130.
2, 5, 616513
What are the prime factors of 6076760?
2, 5, 43, 3533
What are the prime factors of 6660376?
2, 311, 2677
What are the prime factors of 296656?
2, 18541
What are the prime factors of 17400434?
2, 37, 47, 5003
What are the prime factors of 2096729?
17, 29, 4253
List the prime factors of 5304257.
7, 757751
List the prime factors of 1222868.
2, 305717
What are the prime factors of 19475694?
2, 3, 7, 67, 769
List the prime factors of 264952.
2, 33119
What are the prime factors of 424459?
7, 60637
What are the prime factors of 76050?
2, 3, 5, 13
List the prime factors of 1876522.
2, 47, 19963
What are the prime factors of 5417564?
2, 1354391
What are the prime factors of 1048853?
13, 80681
What are the prime factors of 625681?
7, 113
What are the prime factors of 298140?
2, 3, 5, 4969
List the prime factors of 2112300.
2, 3, 5, 2347
List the prime factors of 1461199.
41, 157, 227
List the prime factors of 1933372.
2, 7, 29, 2381
List the prime factors of 10496380.
2, 5, 269, 1951
What are the prime factors of 191973?
3, 89, 719
List the prime factors of 4191332.
2, 1047833
List the prime factors of 3606236.
2, 103, 8753
What are the prime factors of 1043053?
11, 94823
What are the prime factors of 2048617?
151, 13567
What are the prime factors of 1152453?
3, 384151
List the prime factors of 193371.
3, 43, 1499
What are the prime factors of 470326?
2, 19, 12377
What are the prime factors of 340620?
2, 3, 5, 7, 811
List the prime factors of 2965104.
2, 3, 59, 349
List the prime factors of 3717400.
2, 5, 18587
What are the prime factors of 23922?
2, 3, 443
List the prime factors of 8892992.
2, 283, 491
List the prime factors of 13734245.
5, 7, 19, 1087
List the prime factors of 4753682.
2, 2376841
List the prime factors of 2212391.
2212391
What are the prime factors of 539524?
2, 19, 31, 229
List the prime factors of 23562322.
2, 7, 47, 35809
List the prime factors of 268295.
5, 23, 2333
List the prime factors of 4148099.
19, 233, 937
What are the prime factors of 124322?
2, 11, 5651
What are the prime factors of 259415?
5, 13, 307
List the prime factors of 2904731.
31, 93701
List the prime factors of 58893.
3, 67, 293
List the prime factors of 252015.
3, 5, 53, 317
List the prime factors of 84550.
2, 5, 19, 89
What are the prime factors of 603091?
603091
List the prime factors of 4795390.
2, 5, 31, 499
List the prime factors of 10198.
2, 5099
What are the prime factors of 6652658?
2, 23, 29, 4987
What are the prime factors of 8991093?
3, 2997031
List the prime factors of 736935.
3, 5, 73, 673
List the prime factors of 48370.
2, 5, 7, 691
List the prime factors of 1732143.
3, 7, 82483
List the prime factors of 264831.
3, 7, 12611
What are the prime factors of 5346799?
53, 79, 1277
List the prime factors of 880603.
880603
List the prime factors of 1088933.
1088933
List the prime factors of 2545660.
2, 5, 13, 9791
What are the prime factors of 95681?
163, 587
What are the prime factors of 154359?
3, 5717
What are the prime factors of 4027400?
2, 5, 13, 1549
What are the prime factors of 3191034?
2, 3, 7, 11, 6907
What are the prime factors of 192308?
2, 131, 367
What are the prime factors of 1995346?
2, 31, 32183
What are the prime factors of 9178471?
29, 316499
List the prime factors of 168590.
2, 5, 23, 733
What are the prime factors of 2481596?
2, 13, 3671
List the prime factors of 931869.
3, 47, 2203
What are the prime factors of 4518224?
2, 282389
What are the prime factors of 4287181?
4287181
What are the prime factors of 211667?
17, 12451
What are the prime factors of 1074851?
1074851
List the prime factors of 2573141.
29, 88729
What are the prime factors of 7565151?
3, 11, 229247
List the prime factors of 19658069.
17, 251, 271
List the prime factors of 28247192.
2, 1777, 1987
List the prime factors of 87163.
101, 863
What are the prime factors of 214657?
214